actors of 539355?
3, 5, 41, 877
List the prime factors of 171819.
3, 17, 1123
List the prime factors of 1489912.
2, 186239
What are the prime factors of 10643522?
2, 29, 183509
List the prime factors of 1507828.
2, 7, 157
What are the prime factors of 4370140?
2, 5, 353, 619
What are the prime factors of 12201825?
3, 5, 162691
List the prime factors of 267760.
2, 5, 3347
What are the prime factors of 3280561?
3280561
List the prime factors of 926336.
2, 7237
List the prime factors of 201024.
2, 3, 349
List the prime factors of 6574969.
19, 346051
What are the prime factors of 595210?
2, 5, 7, 11, 773
List the prime factors of 485597.
7, 69371
What are the prime factors of 1085804?
2, 271451
List the prime factors of 25616472.
2, 3, 7, 41, 3719
List the prime factors of 524038.
2, 59, 4441
List the prime factors of 3005534.
2, 7, 19, 11299
What are the prime factors of 489011?
489011
List the prime factors of 393752.
2, 83, 593
What are the prime factors of 200228?
2, 7, 7151
List the prime factors of 316129.
11, 29, 991
List the prime factors of 149964.
2, 3, 12497
List the prime factors of 7925592.
2, 3, 330233
List the prime factors of 312962.
2, 13, 12037
List the prime factors of 631426.
2, 491, 643
What are the prime factors of 1414017?
3, 11, 23
List the prime factors of 458220.
2, 3, 5, 7, 1091
List the prime factors of 7286.
2, 3643
List the prime factors of 1318914.
2, 3, 47, 1559
List the prime factors of 18788988.
2, 3, 41, 38189
What are the prime factors of 7881915?
3, 5, 525461
List the prime factors of 1567725.
3, 5, 20903
List the prime factors of 97198.
2, 23, 2113
List the prime factors of 173546.
2, 19, 4567
List the prime factors of 2625252.
2, 3, 7, 31253
List the prime factors of 237817.
163, 1459
List the prime factors of 135947.
7, 19421
List the prime factors of 3451501.
251, 13751
What are the prime factors of 24017788?
2, 829, 7243
What are the prime factors of 148524?
2, 3, 12377
What are the prime factors of 1391510?
2, 5, 227, 613
List the prime factors of 2354061.
3, 784687
What are the prime factors of 2041741?
13, 157057
List the prime factors of 247798.
2, 19, 6521
What are the prime factors of 530065?
5, 106013
What are the prime factors of 510147?
3, 11, 5153
List the prime factors of 630876.
2, 3, 19, 2767
List the prime factors of 9570401.
107, 89443
What are the prime factors of 19660?
2, 5, 983
List the prime factors of 24569374.
2, 167, 73561
List the prime factors of 1941025.
5, 77641
What are the prime factors of 14893171?
89, 167339
List the prime factors of 7392194.
2, 3696097
What are the prime factors of 4337263?
7, 19, 32611
What are the prime factors of 980486?
2, 13, 43, 877
What are the prime factors of 8444570?
2, 5, 844457
List the prime factors of 3993320.
2, 5, 99833
List the prime factors of 44280.
2, 3, 5, 41
List the prime factors of 579941.
43, 13487
List the prime factors of 1233459.
3, 31, 4421
What are the prime factors of 2509378?
2, 1254689
List the prime factors of 946539.
3, 11, 3187
What are the prime factors of 438224?
2, 61, 449
List the prime factors of 313260.
2, 3, 5, 23, 227
What are the prime factors of 10607741?
631, 16811
What are the prime factors of 4735092?
2, 3, 197, 2003
What are the prime factors of 725264?
2, 45329
List the prime factors of 35722.
2, 53, 337
List the prime factors of 8042348.
2, 653, 3079
What are the prime factors of 537692?
2, 229, 587
List the prime factors of 203385.
3, 5, 7, 13, 149
What are the prime factors of 674120?
2, 5, 19, 887
What are the prime factors of 14730343?
53, 449, 619
What are the prime factors of 1661346?
2, 3, 92297
What are the prime factors of 119246?
2, 109, 547
What are the prime factors of 406663?
23, 17681
List the prime factors of 97490.
2, 5, 9749
What are the prime factors of 37697?
11, 23, 149
What are the prime factors of 505017?
3, 56113
What are the prime factors of 1992864?
2, 3, 20759
List the prime factors of 32292555.
3, 5, 2152837
What are the prime factors of 3530056?
2, 441257
What are the prime factors of 2374995?
3, 5, 7, 22619
What are the prime factors of 1229164?
2, 137, 2243
List the prime factors of 394772.
2, 7, 23, 613
List the prime factors of 909551.
17, 53503
List the prime factors of 479783.
479783
What are the prime factors of 23466709?
7, 3352387
What are the prime factors of 1434360?
2, 3, 5, 11953
List the prime factors of 528655.
5, 23, 4597
List the prime factors of 3658892.
2, 914723
List the prime factors of 340075.
5, 61, 223
List the prime factors of 138768.
2, 3, 7, 59
What are the prime factors of 848792?
2, 7, 23, 659
List the prime factors of 15793786.
2, 47, 401, 419
What are the prime factors of 66813?
3, 22271
What are the prime factors of 67809?
3, 7, 3229
What are the prime factors of 199354?
2, 263, 379
List the prime factors of 18065704.
2, 2258213
List the prime factors of 122438.
2, 29, 2111
List the prime factors of 661612.
2, 7, 23629
What are the prime factors of 24998127?
3, 7, 11, 108217
What are the prime factors of 383254?
2, 191627
List the prime factors of 2267282.
2, 1133641
List the prime factors of 17621850.
2, 3, 5, 29, 4051
What are the prime factors of 410579?
13, 31583
List the prime factors of 437150.
2, 5, 7, 1249
What are the prime factors of 1119416?
2, 17, 8231
What are the prime factors of 198163?
7, 28309
List the prime factors of 99832.
2, 12479
What are the prime factors of 143963?
19, 7577
List the prime factors of 4789657.
137, 34961
What are the prime factors of 520073?
520073
List the prime factors of 4389794.
2, 2194897
List the prime factors of 5473981.
223, 24547
List the prime factors of 1157452.
2, 23, 547
List the prime factors of 40901782.
2, 20450891
List the prime factors of 23546514.
2, 3, 233, 16843
What are the prime factors of 231305?
5, 46261
What are the prime factors of 3978716?
2, 7, 142097
List the prime factors of 3349032.
2, 3, 47, 2969
List the prime factors of 3280564.
2, 7, 117163
List the prime factors of 246593.
83, 2971
List the prime factors of 132406.
2, 239, 277
List the prime factors of 7878.
2, 3, 13, 101
List the prime factors of 4732235.
5, 19, 109, 457
List the prime factors of 1496110.
2, 5, 7, 11, 29, 67
What are the prime factors of 5865357?
3, 17, 19, 6053
List the prime factors of 691678.
2, 13, 37, 719
List the prime factors of 13331989.
11, 1211999
What are the prime factors of 320740?
2, 5, 7, 29, 79
What are the prime factors of 1586733?
3, 528911
List the prime factors of 494153.
11, 167, 269
What are the prime factors of 30896960?
2, 5, 96553
List the prime factors of 11353773.
3, 17, 19, 11717
List the prime factors of 9494616.
2, 3, 41, 9649
List the prime factors of 4880575.
5, 7, 167
What are the prime factors of 440056?
2, 67, 821
What are the prime factors of 258856?
2, 13, 19, 131
What are the prime factors of 19107686?
2, 13, 734911
List the prime factors of 150649.
150649
List the prime factors of 80570.
2, 5, 7, 1151
What are the prime factors of 6802739?
107, 63577
What are the prime factors of 3145676?
2, 786419
List the prime factors of 1575277.
11, 71, 2017
List the prime factors of 544497.
3, 181499
List the prime factors of 27546738.
2, 3, 619, 7417
What are the prime factors of 57974?
2, 7, 41, 101
List the prime factors of 2363373.
3, 262597
What are the prime factors of 682312?
2, 17, 29, 173
What are the prime factors of 5590456?
2, 157, 4451
What are the prime factors of 176819?
176819
List the prime factors of 25479178.
2, 12739589
List the prime factors of 2436788.
2, 19, 32063
What are the prime factors of 7992366?
2, 3, 233, 5717
What are the prime factors of 18218078?
2, 9109039
What are the prime factors of 891627?
3, 11, 41, 659
What are the prime factors of 2667616?
2, 7, 11909
What are the prime factors of 131275?
5, 59, 89
What are the prime factors of 5433861?
3, 1811287
List the prime factors of 1421337.
3, 167, 2837
List the prime factors of 330337.
7, 41, 1151
What are the prime factors of 14029555?
5, 2805911
List the prime factors of 16473522.
2, 3, 13, 211199
List the prime factors of 433572.
2, 3, 36131
What are the prime factors of 18220945?
5, 23, 158443
List the prime factors of 2462262.
2, 3, 11, 37307
List the prime factors of 158579.
347, 457
W